isor of 403 and 52.
13
Calculate the greatest common factor of 95 and 3401.
19
Calculate the greatest common factor of 14 and 2002.
14
Calculate the highest common factor of 2542 and 62.
62
What is the greatest common divisor of 738 and 162?
18
What is the highest common factor of 15 and 265?
5
What is the highest common divisor of 27 and 3573?
9
What is the highest common divisor of 323 and 34?
17
What is the greatest common factor of 256 and 8?
8
What is the greatest common divisor of 35 and 35?
35
Calculate the greatest common factor of 98 and 182.
14
Calculate the greatest common divisor of 5695 and 17.
17
Calculate the greatest common divisor of 3 and 267.
3
What is the greatest common factor of 357 and 42?
21
What is the highest common divisor of 537 and 716?
179
Calculate the greatest common divisor of 175 and 497.
7
Calculate the greatest common factor of 979 and 89.
89
Calculate the greatest common divisor of 67069 and 47.
47
What is the highest common factor of 40 and 15?
5
Calculate the greatest common divisor of 105 and 483.
21
Calculate the greatest common factor of 116 and 34.
2
What is the greatest common divisor of 26400 and 32?
32
What is the highest common factor of 176 and 11?
11
Calculate the highest common divisor of 477 and 54.
9
What is the greatest common factor of 3286 and 106?
106
What is the greatest common factor of 67 and 8643?
67
What is the greatest common factor of 72 and 270?
18
What is the highest common factor of 408 and 504?
24
Calculate the highest common divisor of 80 and 304.
16
What is the greatest common divisor of 50 and 810?
10
What is the greatest common divisor of 1624 and 224?
56
What is the highest common divisor of 21 and 105?
21
Calculate the greatest common divisor of 29 and 899.
29
What is the greatest common factor of 4496 and 16?
16
Calculate the greatest common factor of 245 and 700.
35
What is the highest common divisor of 176 and 99?
11
What is the greatest common factor of 108 and 12177?
27
What is the greatest common factor of 41 and 1230?
41
Calculate the greatest common divisor of 232 and 87.
29
Calculate the highest common divisor of 42 and 1974.
42
Calculate the highest common divisor of 72 and 2496.
24
Calculate the greatest common factor of 58 and 232.
58
What is the highest common divisor of 14 and 4046?
14
What is the highest common divisor of 1200 and 30?
30
What is the greatest common factor of 96 and 420?
12
What is the highest common factor of 1 and 2?
1
Calculate the highest common factor of 200 and 450.
50
What is the highest common factor of 17 and 67?
1
Calculate the greatest common divisor of 160 and 1520.
80
Calculate the greatest common divisor of 108 and 4266.
54
Calculate the highest common factor of 165 and 99.
33
What is the highest common factor of 14 and 224?
14
What is the greatest common divisor of 675 and 125?
25
What is the highest common divisor of 44 and 132?
44
What is the highest common factor of 7241 and 182?
13
Calculate the highest common factor of 612 and 2720.
68
Calculate the highest common factor of 27 and 243.
27
Calculate the greatest common factor of 2617 and 3.
1
What is the highest common factor of 13130 and 1040?
130
What is the highest common divisor of 23 and 16307?
23
Calculate the greatest common factor of 244 and 427.
61
Calculate the greatest common divisor of 6 and 10.
2
Calculate the greatest common divisor of 1853 and 34.
17
Calculate the highest common divisor of 776 and 3783.
97
What is the greatest common divisor of 777 and 399?
21
Calculate the greatest common divisor of 531 and 9.
9
Calculate the highest common divisor of 45 and 10.
5
Calculate the highest common factor of 206 and 1133.
103
Calculate the highest common divisor of 1 and 2209.
1
What is the highest common divisor of 259 and 7?
7
Calculate the highest common divisor of 190 and 8759.
19
Calculate the highest common factor of 495 and 15.
15
What is the greatest common divisor of 40 and 210?
10
Calculate the highest common divisor of 623 and 4005.
89
Calculate the greatest common divisor of 18 and 57.
3
Calculate the greatest common divisor of 212 and 742.
106
Calculate the highest common divisor of 23 and 368.
23
Calculate the highest common divisor of 1054 and 496.
62
Calculate the greatest common factor of 12708 and 72.
36
Calculate the greatest common factor of 249 and 69.
3
What is the highest common divisor of 4 and 124?
4
What is the greatest common divisor of 51 and 68?
17
Calculate the greatest common divisor of 30 and 1719.
3
Calculate the greatest common factor of 9 and 3.
3
What is the greatest common factor of 19 and 1995?
19
Calculate the highest common factor of 4267 and 34.
17
Calculate the greatest common divisor of 12 and 3156.
12
What is the highest common divisor of 210 and 50?
10
Calculate the highest common factor of 285 and 45.
15
Calculate the greatest common factor of 242 and 176.
22
Calculate the greatest common factor of 12470 and 2030.
290
Calculate the greatest common divisor of 2324 and 28.
28
What is the greatest common divisor of 27 and 189?
27
Calculate the highest common divisor of 100 and 4850.
50
What is the greatest common factor of 1648 and 8?
8
What is the highest common factor of 18 and 2?
2
Calculate the greatest common factor of 12 and 24636.
12
Calculate the greatest common divisor of 1670 and 170.
10
What is the highest common divisor of 296 and 111?
37
Calculate the greatest common factor of 23 and 2.
1
Calculate the greatest common divisor of 407 and 111.
37
What is the highest common divisor of 140 and 300?
20
Calculate the greatest common divisor of 46 and 6.
2
What is the greatest common divisor of 8 and 64?
8
Calculate the greatest common divisor of 296 and 259.
37
What is the greatest common divisor of 4143 and 6?
3
Calculate the greatest common factor of 3667 and 19.
19
What is the highest common factor of 26 and 10?
2
What is the greatest common factor of 63 and 1701?
63
What is the highest common factor of 832 and 1280?
64
What is the greatest common divisor of 240 and 1270?
10
What is the highest common factor of 13061 and 1412?
353
Calculate the greatest common divisor of 352 and 13640.
88
Calculate the highest common divisor of 33 and 825.
33
What is the highest common divisor of 210 and 1290?
30
Calculate the greatest common factor of 24867 and 81.
81
What is the highest common divisor of 250 and 1450?
50
What is the greatest common factor of 49 and 637?
49
What is the greatest common divisor of 14 and 3878?
14
Calculate the greatest common divisor of 310 and 248.
62
Calculate the highest common factor of 304 and 32.
16
What is the greatest common divisor of 572 and 598?
26
Calculate the highest common factor of 3240 and 280.
40
What is the greatest common factor of 25 and 400?
25
What is the highest common divisor of 3364 and 116?
116
What is the highest common factor of 68 and 128?
4
What is the highest common factor of 1830 and 825?
15
What is the greatest common factor of 8869 and 196?
49
What is the highest common factor of 5831 and 34?
17
What is the highest common divisor of 46 and 207?
23
Calculate the greatest common divisor of 936 and 288.
72
Calculate the highest common factor of 143 and 91.
13
Calculate the greatest common factor of 10634 and 26.
26
Calculate the highest common divisor of 825 and 363.
33
Calculate the highest common factor of 102 and 162.
6
Calculate the highest common divisor of 384 and 24.
24
What is the highest common factor of 14 and 1561?
7
Calculate the greatest common divisor of 380 and 8.
4
Calculate the highest common divisor of 81 and 4266.
27
What is the greatest common factor of 12 and 2466?
6
What is the greatest common factor of 14610 and 210?
30
What is the highest common factor of 342 and 76?
38
What is the greatest common divisor of 594 and 44?
22
Calculate the highest common divisor of 14 and 105.
7
Calculate the greatest common factor of 156 and 23946.
78
What is the highest common factor of 36 and 81?
9
Calculate the highest common divisor of 156 and 1950.
78
Calculate the highest common factor of 207 and 46.
23
What is the highest common divisor of 1924 and 260?
52
What is the highest common factor of 530 and 290?
10
What is the highest common factor of 94